mposite?
False
Suppose 1257 = -2*j - 2843. Let c = -1173 - j. Is c prime?
True
Let b be (4 + 5)*4/(-12). Let l be (b/4)/((-1)/(-4)). Let m = 10 - l. Is m a prime number?
True
Let z = -764 - -1317. Is z composite?
True
Let u be 90/4*(-12)/(-15). Let w be (-58)/u + 20/90. Is (-4 - w)*(-240 - -1) a composite number?
False
Let i(w) = w**2 - 6*w + 19. Let n(p) = 2*p**2 - 11*p + 38. Let j(u) = -5*i(u) + 3*n(u). Is j(13) a composite number?
False
Let l = -3110 - -5259. Is l composite?
True
Let q(j) = -6*j**3 + j**2 + 3*j - 3. Let i be -2*(2 + 2/(-4)). Let t be q(i). Suppose 0*b - t = -3*b. Is b prime?
True
Let v = -8 + 16. Let a(f) = 33*f - 25. Is a(v) a prime number?
True
Let a(l) = 199*l - 24 - 1 + 37*l. Is a(3) composite?
False
Suppose 0 = -y - 4*q + 1667, -6 = -4*q - 26. Suppose y = 5*n - 4*w, -3*n + 360 = -2*w - 651. Is n composite?
True
Suppose 8*y - 14*y = -19194. Is y composite?
True
Let d be -2878*((-11)/2 - -4). Let o = 7250 - d. Is o composite?
True
Let m(k) = 0*k**3 - 9 + k**3 + k**2 - k + 7*k**2. Suppose 0 = 2*d - d + 7. Is m(d) composite?
False
Let o = 275 + 893. Suppose -3668 = 5*j - o. Is (j + (-4)/(-4))*-1 a prime number?
True
Let n = 11 + -9. Suppose -l + 2 = 3*d, n*l - 12 = -5*d + 3*d. Is (7 - l)*(1 - 294) composite?
False
Let a(j) = 23*j + 2. Let v(y) = 2*y**2 + 3*y - 2. Let q be v(-3). Is a(q) composite?
False
Let n(v) = 20*v**2 + 23*v - 11. Is n(-6) a prime number?
True
Is (-3207)/18*(2 - 8) composite?
False
Suppose -2*s = -y + 22, 2*y - 4*s - 20 = -6*s. Let a = y - 12. Suppose -5*h = 3*k - 4*k + 185, -h + 414 = a*k. Is k a composite number?
True
Suppose 0 = -3*u + 4*s + s + 4, -4*u = -3*s + 2. Let w be (-4 + 6)/(u/(-12)). Is 1521/w - 2/(-8) composite?
False
Let o(x) = -5*x**3 + 6*x**2 - 13*x + 9. Let t be (5 + 1)/(-2) - -7. Let d(b) = 6*b**3 - 5*b**2 + 14*b - 10. Let h(j) = t*d(j) + 5*o(j). Is h(7) a prime number?
True
Suppose -7*m + 5*m - 924 = 0. Let o = m + -336. Let h = -529 - o. Is h a composite number?
False
Let v be (5/(-3) + 1)/(12/(-90)). Suppose 5428 = 3*o + v*a, -3*o - 3*a + 5413 = -a. Is o prime?
True
Suppose t - 1 - 4 = 0. Suppose 4*s = 2*o + 18, 2*s + 0*s + t*o - 3 = 0. Is (-3 + 539)/s - 0 composite?
True
Let q = 10355 + -6646. Is q composite?
False
Let i = 8311 - 5198. Is i a composite number?
True
Let c = 1308 - -106. Let z = c + -243. Is z a prime number?
True
Let h(j) = -3*j - 2*j + 7*j + 2*j**2 - 68*j**3 - 3 + 3*j**2. Is h(-4) composite?
False
Let o(y) = -253*y**3 + 7*y**2 + 8*y - 35. Is o(-7) prime?
False
Let g(w) = w**3 + 2*w**2 + w + 1367. Is g(0) composite?
False
Suppose -5*o + l = -3*o - 2827, -4*o - 3*l + 5659 = 0. Suppose a + o = 3*a. Is a a composite number?
True
Let j be 92*2162/26 - 2/13. Is (j + -1)/(5 - 4/1) prime?
True
Let k = 31755 + -19402. Is k a composite number?
True
Let a(d) = 5*d + 60*d**2 + 76*d**2 + 7*d**2 - 5 + 105*d**2. Is a(-4) a prime number?
True
Suppose -s + 69 = 5*z, -s + 27 = 2*z - 0*s. Let d = 51 - z. Is d prime?
True
Let p be 1866/(-8) - 5/((-40)/(-6)). Is 10118/26 - (-36)/p composite?
False
Is ((-6)/(-4))/(-1) - (-1776242)/52 a prime number?
True
Let h be 70 + (4 - (-2)/((-4)/10)). Suppose 272 = y - h. Is y composite?
True
Suppose 2*f = 2473 + 1417. Is f a composite number?
True
Let a = -12721 - -21956. Is a prime?
False
Is (-30 - 3229)*(0 + -1) prime?
True
Let c(q) be the second derivative of -q**6/720 - q**5/120 + 2*q**4/3 + 8*q. Let y(s) be the third derivative of c(s). Is y(-4) a prime number?
True
Let h(m) = 8*m + 1. Let i(g) be the first derivative of g**2 - 2*g + 3. Let s be i(3). Is h(s) a prime number?
False
Let r be (8/(-16))/((-2)/(-32)). Let q(s) = -2*s**3 - 7*s**2 - 12*s - 12. Let o be q(r). Suppose o = p - 14. Is p a prime number?
False
Let p(c) be the third derivative of c**2 - 1/120*c**6 + 497/6*c**3 - 1/60*c**5 + 0*c + 0 - 1/24*c**4. Is p(0) composite?
True
Let o(p) = 2*p**2 - 2*p + 267. Let k(j) = -j**2 + j - 133. Let w(f) = -5*k(f) - 2*o(f). Is w(0) prime?
True
Let u = -13 - -15. Suppose -w + 4*h - 12 = -31, -u*w + 2*h + 14 = 0. Suppose -3*p - 161 = -4*b, -4*p + w*p - 117 = -3*b. Is b a composite number?
True
Let p = 151 + -603. Let d = p - -673. Is d prime?
False
Let s = -24 - -23. Let f(x) = -58*x + 4. Let n(c) = -c + 1. Let y(k) = s*f(k) + 6*n(k). Is y(2) a composite number?
True
Let s = 50630 - 29425. Is s prime?
False
Suppose 15*d = 20*d - g - 128033, 0 = 5*g - 10. Is d a composite number?
True
Let o = 168104 + -107103. Is o a prime number?
True
Suppose j - 5*y - 2154 = 0, -3*j = 5*y - 4338 - 2224. Is j prime?
True
Suppose 550 = w - 0*w. Let v = 848 - w. Is v a prime number?
False
Let u be (-1 - 3)/(2 + 0). Let v be -2 - (-8)/2 - u. Suppose k = v*k - 237. Is k a composite number?
False
Let m be ((-16)/(-20))/1*5. Suppose -3*g + g - 10 = 0, -1455 = -m*i - g. Is i a prime number?
False
Suppose 4*r + 6 = 4*d - 10, -4*r = d + 1. Suppose -12 = -3*j - 0*j. Suppose -d*w + 359 = -j*q, -q - q = -5*w + 575. Is w a prime number?
True
Let y be 9*((-4)/14 - (-40)/42). Is 22827/14*4/y prime?
True
Let r = 386 - -547. Is r composite?
True
Let g(w) = -w. Let i(t) = -110*t + 21. Let x(k) = -3*g(k) + i(k). Let n(l) = -71*l + 14. Let d(u) = 8*n(u) - 5*x(u). Is d(-3) a composite number?
True
Let t(m) = 11*m - 1 + 61*m**2 + 4 - 2 - 6*m. Is t(-2) composite?
True
Let b be (-3)/((-9)/(-134))*(-11 - 34). Suppose -4*q + 1609 = 3*l, -5*q - 6*l + b = -l. Is q a prime number?
False
Is (-1 - -3) + (8423 - 6) a composite number?
False
Let i be 194/(-3)*(-114)/4. Suppose 3*y + 2*z = i, -5*y - z + 593 = -2474. Suppose -4*o - o - 2*k + y = 0, -355 = -3*o + 2*k. Is o a composite number?
True
Is (1 - 2)/(15/(-31215)) prime?
True
Suppose 4*w - 77 = 2591. Is w prime?
False
Let y(m) = -2*m**3 + 3*m**2 + 3*m - 3. Let j be y(-4). Let f = -12 + j. Is f composite?
False
Let z(b) = 5*b**2 + 9*b + 1. Suppose 4*h = -15 + 139. Suppose 4*o - 7 = -h. Is z(o) prime?
True
Suppose 83699 = 15*x - 8*x. Is x a prime number?
False
Suppose -293 = 4*h - 5049. Is h composite?
True
Let w(u) = 5*u - 12. Let k be w(8). Let p be 15/(-35) + 68/k. Suppose 2*f = p*y + 282, 5*f - 2*y - y = 701. Is f a prime number?
True
Suppose 19001 = o - 3*d, o + 4*d - 18998 = 8*d. Suppose -4*r - 6*r = -o. Is r prime?
True
Let j be ((-85)/15)/(1/51). Let b = -132 - j. Is b a prime number?
True
Suppose 3*g + 24 = 2*u - g, 6 = -2*u - 2*g. Suppose h - 7 = -b, -h = 3*b - 14 + 1. Suppose -u*v = b*v - 95. Is v composite?
False
Suppose 0 = j + 2*m - 3*m - 111, -4*m = -5*j + 556. Is (-7)/2*(-24256)/j composite?
True
Let j = -33 - -56. Let h = j + -16. Suppose 2*r = h*r - 295. Is r prime?
True
Let q(j) = 51*j**3 - j + 1. Let x be ((-1)/3)/((-2)/6). Let k be q(x). Let y = k - -40. Is y a prime number?
False
Suppose -8050 = -6*i - 112. Let u = 2102 - i. Is u a prime number?
False
Suppose -365064 = -5*r - 120409. Is r a composite number?
True
Suppose -7*d = j - 3*d - 176, -2*j = -3*d - 308. Let l = j + 283. Suppose 4*c - l + 11 = -3*f, 5*f - 535 = -5*c. Is c a composite number?
True
Let x(h) be the third derivative of h**6/8 + h**5/10 - 7*h**4/12 - h**3 - 28*h**2. Is x(5) a composite number?
False
Let x = 1218 + 3573. Is x a prime number?
False
Let s(q) = -q**3 + 11*q**2 + 3*q + 13. Let g be (-4)/(-10)*(-225)/(-15). Is s(g) composite?
False
Let g = 19 - 22. Let i(j) be the first derivative of -30*j**2 + 5*j - 2. Is i(g) a prime number?
False
Suppose 1854094 = 40*x + 183254. Is x composite?
False
Let y(w) = -7 - 180*w + 185*w - 891*w. Is y(-2) prime?
False
Suppose -1146 = -85*i + 79*i. Is i composite?
False
Let j = -3 + 15. Let n be j/6*(-2 - -8). Is 50/8 - (-9)/n a prime number?
True
Suppose -3*q + 2*b = -7 - 10, 5*q - 5*b = 30. Suppose 0 = -q*s + 5*d - d + 990, 4*s - 5*d = 801. Let o = 339 - s. Is o composite?
True
Let i = 0 + 1. Suppose f = 4 - i. Let k(t) = 2*t**2 + 3*t - 1. Is k(f) a prime number?
False
Suppose 0 = -2*f + 10, 4359 = 2*d - 3*f - 171332. Is d a prime number?
True
Suppose 3*v = -5*v + 16880. Suppose -v = -8*h + 6*h. Is h prime?
False
Let f(d) = 2*d**2 - 8*d - 157. Is f(46) composite?
True
Suppose 2*i = 5*i + 1602. Is ((-7)/(-14))/((-3)/i) a prime number?
True
Is 9147/(0 - 1)*(-1)/3 a composite number?
False
Let m = 37 + -30. Let y be (-4)/m + (-24)/(-42). Is y*(-5)/15 - -67 prime?
True
Suppose -4*v = k - 5 - 3, -5*k + 5*v -